Let s = 645 + -632. Suppose -s + 8 = -5*v, -5*v = -c + 1. Let n(d) = -d**2 + 8*d - 13. Give n(c).
-1
Let w(y) = 4*y**2 - 3*y - 3. Let r be (-26)/143 - (-2 + 26/(-22)). Suppose p - 2*x - 2 = 3, r = -x. Determine w(p).
4
Let f(w) = -w - 147. Let u(c) = -106. Let s(a) = -3*f(a) + 4*u(a). Give s(8).
41
Let b be ((-21)/63)/((-4)/24). Let p(y) = 1 - 2*y**2 + 0 - 10 + 6 + 2*y - y**b. Calculate p(2).
-11
Let j = 2078 + -2083. Let a(q) = -q**3 - 4*q**2 + 8*q + 15. Determine a(j).
0
Let c(z) = -8*z**2 + 16*z + 11. Let v(u) = 5*u**2 - 12*u - 7. Let w(h) = 3*c(h) + 5*v(h). What is w(13)?
11
Let t(z) be the third derivative of -z**5/2 + z**3/6 - 277*z**2 + 1. Calculate t(1).
-29
Suppose 4*p = -9 + 37. Let k = 182 + -142. Let s(u) = 8*u + 13*u + 18*u + 44 - k - u**2 - 34*u. Determine s(p).
-10
Let a(r) = -160 - 159 - 137 + 754 - 202 + 2*r. What is a(0)?
96
Let v(t) = -119*t - 10 + 7 - 8 + 124*t - 7. Give v(-7).
-53
Let d(f) be the second derivative of -f**5/20 - 5*f**4/6 - f**3/2 - 17*f**2 + 14654*f. Calculate d(-10).
-4
Let p be ((-4)/(-6) - 178/15)*-5. Let u be 0 + 6/(-21) + 352/p. Let j(q) = -12*q**2 + u*q**2 - q + 5*q**2 + 1. Give j(-1).
1
Let i(m) = 2*m + 12 + m**2 - 32 - 23. Determine i(-7).
-8
Let k(g) be the first derivative of 3*g**3 + 8*g + 9/2*g**2 - 1/4*g**4 + 100. What is k(10)?
-2
Let q(t) be the second derivative of t**5/60 - 7*t**4/24 + t**3/6 + 89*t**2/2 - 109*t. Let i(g) be the first derivative of q(g). Calculate i(7).
1
Let d be (-20)/45*-15*(-48)/(-10). Let f(o) = -3*o + d*o - 26*o. Give f(-1).
-3
Suppose 11*j - 15 = -26. Let g be j/(-2) - 363/66. Let f(p) = -3*p - 4. Let w(c) = -3*c - 4. Let z(a) = 3*f(a) - 4*w(a). Determine z(g).
-11
Let z(a) be the third derivative of -5*a**4/24 + a**3/6 + 3*a**2. Suppose -14 = -g - 3*b, 42*g + b = 40*g + 8. Give z(g).
-9
Let c(a) = -2*a + 26. Let u(x) = -x + 9. Let h(w) = 4*c(w) - 11*u(w). Let z = -130 - -126. Give h(z).
-7
Let d = -1373 + 1369. Let y(r) = -2*r - 26. Give y(d).
-18
Let i(d) = -d**3 - 25*d**2 + d + 24. Let a be i(-25). Let u be a + -4 + 13 + -1. Suppose 24 = t - u*t. Let c(j) = 2*j + 4. Determine c(t).
-4
Suppose 2*a = 4, -5*a - 7 + 1 = 4*j. Suppose -2*r - 4 = 0, 2*r + 17 = b - 0*r. Let k(m) = -b*m - 2*m**2 - 14*m + 21*m. Give k(j).
-8
Let l(n) = 69 - 362*n**3 + 37*n**2 - 38*n - 354*n**3 + 715*n**3. Determine l(36).
-3
Suppose -5*n + 23 = 58. Let s(u) = 32*u + 218. Let a be s(n). Let w(z) = -2*z**2 - 10*z + 11. Calculate w(a).
-1
Let n(q) = -q**2 - 7*q - 2. Let w be n(-7). Let r(g) = -6*g + 4. Suppose -9 + 4 = -5*h. Let k(c) = -2*c + 1. Let p(z) = h*r(z) - 2*k(z). Calculate p(w).
6
Let j(c) = c - 12. Let s(w) be the first derivative of -1/2*w**2 + 12*w - 13. Let i(a) = 3*j(a) + 2*s(a). Determine i(5).
-7
Let c(v) = -2*v**2 + 17*v + 11. Let x(l) = -4*l**2 + 33*l + 22. Let n(b) = -11*c(b) + 6*x(b). Determine n(7).
-10
Let a(c) = -c**2 + 22*c - 2. Let r be a(20). Let l be r/6 - ((-24)/9 - -3). Let t(m) = -18*m - l - 5*m + 20*m. Calculate t(-4).
6
Let y(b) = b**3 + 17*b**2 + 29*b + 1. Let d be y(-15). Suppose -s = -a + 1, 0*s = -4*a + s + d. Let n(v) = -v + 5. Determine n(a).
0
Let q(a) = a**2 - 13*a + 1. Let y(o) = -21*o**2 - 77*o + 5. Let s(i) = -6*q(i) + y(i). Determine s(1).
-27
Let f(i) be the third derivative of i**4/24 - 3*i**3/2 - 624*i**2. Calculate f(-2).
-11
Let s(h) be the first derivative of h**4/4 - 10*h**3 - h**2 + 62*h + 1347. Determine s(30).
2
Suppose n + 107*m + 15 = 112*m, -5*n + m - 3 = 0. Let j(g) be the second derivative of -4*g**2 + 1/6*g**3 + 7/12*g**4 - 1/20*g**5 - g + n. What is j(7)?
-1
Let q(k) = k**3 + k**2 + 4*k + 3. Let g(o) = -15*o**2 + 269*o + 15. Let h be g(18). Give q(h).
-27
Suppose -87*p - 24 = -156 - 42. Let g be 4/(-3)*(-24)/16. Let h(l) = l + 0*l + l - 4*l**2 + 0*l**g. Determine h(p).
-12
Let k(a) = 12*a - 2. Let x be k(-12). Let m = x + 148. Let g(h) = -h + 5. What is g(m)?
3
Let b(p) = 5*p + 2. Suppose -7*z - 975 = -359. Let k be (2 - (-2)/3)/(z/132). Determine b(k).
-18
Let y = -1610 + 1608. Let a(p) = p**3 - p**2 - 3*p. Calculate a(y).
-6
Let f(v) be the first derivative of -v**3 + v**2/2 - 3*v + 11665. Let m = -6 + 9. What is f(m)?
-27
Let u(y) be the first derivative of y**2/2 + 29*y - 3. Let n be u(-24). Let w(s) = s - 7. Determine w(n).
-2
Let f(q) = 6*q - 2. Let h be (-20)/(-20) + -3 + 1. Give f(h).
-8
Let m(p) = -p**3 + 7*p**2 + 4. Let u be m(7). Suppose -k = u - 1. Let b(n) = 24*n - n**2 - 36*n + 10*n. Calculate b(k).
-3
Let q(v) = -v + 5. Let l(i) = -i - i + i + 9. Suppose -4*t = -2*c - 1 - 13, c + 7 = -5*t. Let k(s) = c*q(s) + 4*l(s). What is k(-2)?
-5
Let v = -9813 + 9806. Let h(k) = 3 + 3 + 4 - 6 + 6*k. Determine h(v).
-38
Let o(b) = -161*b**2 + 85*b**2 + 0*b + 79*b**2 + b - 2*b. Calculate o(1).
2
Let i = 250 - 245. Suppose f = -5*l - 3, i*f - l + 5*l - 6 = 0. Let v(s) = -2*s**3 + s**2 + s - 2. What is v(f)?
-12
Suppose 0 = -k - 2, 0 = -14*d + 10*d - 2*k + 24. Let c(h) = 2*h**3 - 12*h**2 - 17*h + 17. Let x be c(d). Let o(z) = z**2 + 4*z. Determine o(x).
0
Let y(o) be the first derivative of -o**4/4 - 4*o**3/3 - o**2/2 + o - 4545. Calculate y(-3).
-5
Let v(h) = -2*h - 34. Let r = 1665 + -1685. Calculate v(r).
6
Suppose 0 = -53*w + 46*w - 77. Let j(f) = -24*f + 17. Let g(a) = 13*a - 9. Let m(l) = w*g(l) - 6*j(l). Suppose -5*r - 2*o - 18 = -o, -o + 2 = 0. Calculate m(r).
-7
Let z(n) be the third derivative of n**4/2 - 80*n**3/3 + 2*n**2 - n + 253. What is z(15)?
20
Let u(d) = -d**2 - d. Suppose -2*y + 3 = -5*p, -2*y - 22 = 5*p - 15. Let j(h) = -h**3 + h**2 + 8*h - 4. Let g(l) = p*j(l) - 5*u(l). What is g(-5)?
-6
Suppose -2*q = -5*q + 9. Suppose 3*s + 108 = 3*n, -q*s - 4 = 5. Let v = -37 + n. Let i(c) = c**2 + 4*c + 6. What is i(v)?
6
Let w(t) = t**3 + 26*t**2 - 25*t + 44. Let b = -216 - -189. Let k be w(b). Let q(j) = j**3 + 11*j**2 + 10*j - 3. Determine q(k).
-3
Let y(b) = -5*b + 2*b + 4*b. Let d = -39806 + 39809. Calculate y(d).
3
Let a(f) be the second derivative of -33*f**4/4 + 5*f - 8. Let l(i) = -5*i**2. Let z(k) = -4*a(k) + 81*l(k). Determine z(-1).
-9
Let f(r) = 8 + 537*r**2 - 262*r**3 + 261*r**3 - 536*r**2. Give f(0).
8
Let w be -3*7/(35/(-10)). Suppose 9*u = 12 + w. Suppose 9 = 4*f + 2*j + 51, -u*f = -5*j - 9. Let y(k) = k + 12. Determine y(f).
4
Let b(k) = 10*k + 15*k + 1 - 27*k + 1. Let f(i) = -2*i + 2. Let x(d) = -3*b(d) + 4*f(d). Determine x(6).
-10
Let x(z) be the third derivative of -z**5/30 + z**4/6 - z**3/3 + z**2. Suppose -438*j + 66*j + 2 = -742. Give x(j).
-2
Let g(z) be the third derivative of 1/60*z**5 + 4*z**2 + 1/3*z**4 + 11/6*z**3 + 0 - 8*z. What is g(-6)?
-1
Let c(h) = -15*h + 99. Suppose 787*d - 868*d + 244 = -242. Determine c(d).
9
Let n(h) = 5*h**3 - h**2 - 5*h + 4. Let a(q) = -q**3 + q**2 + q - 1. Let y(x) = 6*a(x) + n(x). Give y(6).
-32
Let u(b) be the third derivative of -b**8/6720 + b**7/504 - b**6/240 + b**5/30 + 41*b**4/24 + 73*b**2. Let v(i) be the second derivative of u(i). Give v(5).
-11
Let d(l) = -l**3 - 17*l**2 + 17*l - 5. Suppose 18 = -2*j + 4*p - 38, j - 7 = -5*p. Let m be d(j). Let o(z) = m*z - 16*z + 4 - 4 + 1. What is o(-4)?
13
Let u be (-3)/(15/(-187)) - 4/10. Suppose -9*i - 10 + u = 0. Let o(x) = 2 - x**2 + 4*x**2 + 1 + x**i - 2*x**3 - 2*x. Determine o(3).
-3
Suppose -12 = -0*x + 2*x. Let l(n) be the first derivative of n**4/24 + n**3/6 - 114*n**2 + 360. Let u(r) be the second derivative of l(r). Give u(x).
-5
Let q = -14517 + 14521. Let i(d) be the third derivative of 0 + 0*d - 1/60*d**5 - 1/2*d**3 - 1/24*d**q - 29*d**2. Calculate i(0).
-3
Let d(i) = 2*i**2 + 2*i + 24. Let r be d(-12). Let g(l) = -7*l - 1 + 1 + 279*l**2 - l**3 + 7 - r*l**2. What is g(-8)?
-1
Let h = 3127 - 3119. Let j(l) = 21*l - 170. Give j(h).
-2
Let v(b) = -13*b**2 + 54*b + 106. Let x(n) = 8*n**2 - 37*n - 70. Let l(c) = 5*v(c) + 8*x(c). Determine l(-24).
18
Let r(d) be the second derivative of d**3/6 - 5*d**2/2 - 2*d. Let j = -178 + 181. Let s be (j/(-18) - 0) + 481/78. Determine r(s).
1
Let g(n) = 10 + 0*n - 18010*n**2 + 18000*n**2 + n - 5*n**3 + 4*n**3. Give g(-10).
0
Let y(l) = l**3 - 11*l**2 - 25*l - 17. Let c be (-7)/(-14)*1*26. Calculate y(c).
-4
Let v = -37 - -35. Let w be -3 + -3 + (-1 - 0). Let o(x) = 3*x + 15. Let f(r) = -r - 5. Let q(u) = v*o(u) + w*f(u). Give q(-5).
0
Let p = 197 - 113. Let x be ((-3)